?
False
Is 296 a factor of 2386342?
False
Is 114 a factor of 329346?
True
Is 19 a factor of 3034651?
False
Is 64 a factor of 665525?
False
Does 81 divide 118827?
True
Is 52 a factor of 875992?
True
Does 238 divide 3359132?
True
Is 279510 a multiple of 14?
True
Is 91836 a multiple of 18?
True
Does 220 divide 153175?
False
Is 12 a factor of 41822220?
True
Is 27 a factor of 337419?
True
Is 668550 a multiple of 30?
True
Does 94 divide 194674?
True
Does 588 divide 167484?
False
Does 5 divide 781946?
False
Does 450 divide 531089?
False
Does 106 divide 46938?
False
Is 17 a factor of 1031199?
False
Is 10 a factor of 63364?
False
Is 180520 a multiple of 32?
False
Does 202 divide 325826?
True
Is 512281 a multiple of 77?
True
Is 137 a factor of 207076?
False
Is 474 a factor of 31188252?
True
Is 163215 a multiple of 15?
True
Is 26761 a multiple of 4?
False
Does 13 divide 40378?
True
Does 8 divide 45296?
True
Is 870650 a multiple of 50?
True
Is 260924 a multiple of 37?
True
Does 55 divide 56796?
False
Is 34 a factor of 344658?
True
Does 37 divide 229820?
False
Is 98 a factor of 1006264?
True
Is 1557312 a multiple of 16?
True
Is 59459 a multiple of 6?
False
Does 207 divide 421866?
True
Is 12 a factor of 294027?
False
Is 264 a factor of 535392?
True
Does 20 divide 1359520?
True
Does 16 divide 715408?
True
Does 13 divide 51803?
False
Is 9640390 a multiple of 1059?
False
Is 10340958 a multiple of 275?
False
Is 2197 a factor of 8378051?
False
Is 151473 a multiple of 20?
False
Is 753294 a multiple of 669?
True
Does 4 divide 59562?
False
Is 32 a factor of 1086976?
True
Does 15 divide 4744?
False
Is 382 a factor of 1533333?
False
Does 51 divide 296310?
True
Does 152 divide 13680?
True
Is 2045445 a multiple of 16?
False
Is 14 a factor of 12923050?
True
Does 142 divide 4123237?
False
Is 1350328 a multiple of 13?
False
Does 21 divide 518322?
True
Is 3738483 a multiple of 1283?
False
Does 358 divide 818030?
True
Does 99 divide 357742?
False
Is 188442 a multiple of 342?
True
Is 3567480 a multiple of 310?
True
Is 994 a factor of 3910396?
True
Is 74 a factor of 244166?
False
Is 117956 a multiple of 6?
False
Does 66 divide 11869?
False
Is 19 a factor of 2880103?
False
Is 10000821 a multiple of 11?
False
Is 656752 a multiple of 11?
False
Is 10 a factor of 2002416?
False
Is 238670 a multiple of 29?
True
Is 76 a factor of 502595?
False
Is 28 a factor of 20356?
True
Is 2 a factor of 150489?
False
Is 31135 a multiple of 505?
False
Is 10 a factor of 389945?
False
Is 2199750 a multiple of 175?
True
Is 13 a factor of 9481?
False
Does 2135 divide 7814100?
True
Does 5 divide 709811?
False
Is 93 a factor of 285882?
True
Is 25 a factor of 47625?
True
Does 75 divide 55433?
False
Is 11360 a multiple of 5?
True
Is 505 a factor of 1330552?
False
Is 18744028 a multiple of 1851?
False
Is 101123 a multiple of 40?
False
Is 15 a factor of 903345?
True
Is 18 a factor of 46816?
False
Does 236 divide 202252?
True
Does 1498 divide 1791608?
True
Does 1472 divide 2994048?
True
Is 126 a factor of 1430563?
False
Is 773742 a multiple of 86?
True
Is 38 a factor of 40888?
True
Does 25 divide 56185?
False
Is 51 a factor of 3290724?
True
Does 171 divide 318139?
False
Is 79226 a multiple of 7?
True
Does 221 divide 3301519?
True
Is 348959 a multiple of 4?
False
Does 109 divide 105751?
False
Is 14 a factor of 13468594?
False
Is 32 a factor of 169152?
True
Is 5187920 a multiple of 15?
False
Is 61 a factor of 1158953?
False
Does 927 divide 1831752?
True
Is 17354480 a multiple of 1804?
True
Is 72843 a multiple of 38?
False
Is 294816 a multiple of 60?
False
Is 97 a factor of 113779?
False
Is 1666500 a multiple of 500?
True
Does 69 divide 7635558?
False
Is 127696 a multiple of 46?
True
Does 185 divide 417730?
True
Is 231 a factor of 10354806?
True
Is 673538 a multiple of 24?
False
Is 95376 a multiple of 3?
True
Is 9230 a multiple of 10?
True
Is 571860 a multiple of 15?
True
Is 53273 a multiple of 11?
True
Is 4983632 a multiple of 568?
True
Is 1754605 a multiple of 515?
True
Is 46781 a multiple of 33?
False
Is 42 a factor of 40414?
False
Is 87497 a multiple of 308?
False
Is 188412 a multiple of 42?
True
Is 409959 a multiple of 123?
True
Is 14 a factor of 3521882?
True
Is 191 a factor of 626480?
True
Is 563536 a multiple of 8?
True
Does 18 divide 6873030?
True
Is 1671458 a multiple of 54?
False
Is 7602485 a multiple of 55?
True
Is 76067 a multiple of 342?
False
Is 58 a factor of 7323625?
False
Is 37383 a multiple of 246?
False
Does 81 divide 797576?
False
Does 24 divide 2580936?
True
Is 4581006 a multiple of 137?
True
Is 16 a factor of 667733?
False
Does 33 divide 8352805?
False
Is 3 a factor of 468767?
False
Does 27 divide 99144?
True
Is 1320946 a multiple of 1067?
True
Is 178508 a multiple of 92?
False
Is 7346139 a multiple of 9?
False
Is 227236 a multiple of 45?
False
Does 130 divide 30186094?
False
Is 195390 a multiple of 13?
True
Does 19 divide 252135?
False
Does 20 divide 21813?
False
Does 17 divide 7041?
False
Is 7597330 a multiple of 130?
True
Is 606218 a multiple of 23?
False
Is 35 a factor of 576310?
True
Does 11 divide 4459785?
True
Is 1719704 a multiple of 98?
True
Is 78 a factor of 263725?
False
Is 8288631 a multiple of 1467?
False
Does 24 divide 533016?
True
Is 33820004 a multiple of 334?
False
Is 212959 a multiple of 17?
True
Does 73 divide 1451313?
True
Is 134 a factor of 68474?
True
Is 18 a factor of 46663?
False
Is 208711 a multiple of 113?
True
Is 67195 a multiple of 61?
False
Is 863149 a multiple of 23?
False
Is 3959494 a multiple of 14?
True
Does 44 divide 12099?
False
Does 52 divide 8552856?
True
Does 5 divide 3902110?
True
Is 386075 a multiple of 233?
False
Is 68 a factor of 2881097?
False
Is 866595 a multiple of 153?
False
Does 32 divide 5682432?
True
Is 53265 a multiple of 6?
False
Does 50 divide 3369346?
False
Is 16 a factor of 147536?
True
Is 231099 a multiple of 149?
True
Does 240 divide 4842487?
False
Is 157380 a multiple of 60?
True
Does 317 divide 265488?
False
Is 18 a factor of 86432?
False
Does 5 divide 4553655?
True
Is 109740 a multiple of 5?
True
Is 409 a factor of 144238?
False
Is 17125260 a multiple of 15?
True
Is 670324 a multiple of 7?
False
Is 28660 a multiple of 21?
False
Does 7 divide 1408799?
True
Is 37 a factor of 12020116?
True
Is 8 a factor of 5440?
True
Does 221 divide 22043?
False
Is 80480 a multiple of 10?
True
Is 2 a factor of 28329?
False
Is 685335 a multiple of 198?
False
Is 391921 a multiple of 9?
False
Does 129 divide 2245503?
True
Is 57 a factor of 310029?
False
Does 238 divide 4648616?
True
Does 329 divide 1693034?
True
Is 73460 a multiple of 5?
True
Is 67534 a multiple of 21?
False
Is 8 a factor of 582784?
True
Does 7 divide 78478?
False
Is 1892822 a multiple of 9?
False
Is 14 a factor of 1340820?
False
Is 1051467 a multiple of 18?
False
Does 163 divide 123880?
True
Is 30 a factor of 21817966?
False
Is 18 a factor of 38790?
True
Is 38309 a multiple of 7?
False
Is 44 a factor of 450386?
False
Is 1378089 a multiple of 171?
True
Is 11 a factor of 176015?
False
Is 41 a factor of 197702?
True
Is 16 a factor of 261808?
True
Does 6 divide 200570?
False
Does 76 divide 2345816?
True
Is 252126 a multiple of 58?
True
Is 1808240 a multiple of 8?
True
Is 20262 a multiple of 116?
False
Is 64 a factor of 61490?
False
Is 13 a factor of 880634?
False
Does 394 divide 197788?
True
Does 1281 divide 5499333?
True
Is 73 a factor of 908397?
False
Is 145730 a multiple of 10?
True
Is 973 a factor of 2457189?
False
Is 544236 a multiple of 217?
True
Does 20 divide 15555?
False
Is 11821712 a multiple of 236?
True
Is 247060 a multiple of 22?
True
Is 65 a factor of 2496585?
True
Does 25 divide 61436?
False
Does 87 divide 3228252?
False
Is 3 a factor of 11725?
False
Is 2053 a factor of 7951269?
True
Is 3566163 even?
False
Does 10 divide 229095?
False
Does 271 divide 3236824?
True
Does 125 divide 7564?
False
Is 121424 a multiple of 98?
False
Is 284 a factor of 308140?
True
Is 76 a factor of 202100?
False
Is 765 a factor of 12585780?
True
Is 11 a factor of 95?
False
Does 250 divide 1552750?
True
Is 2363064 a multiple of 66?
True
Is 23 a factor of 10070159?
True
Is 24618 a multiple of 6?
True
Is 45746 a multiple of 18?
False
Is 11 a factor of 559845?
True
Does 820 divide 5796580?
True
Is